nvert -5fca (base 16) to base 14.
-8d18
Convert 2001221210 (base 3) to base 11.
28713
What is -27424 (base 12) in base 3?
-2202022101
Convert 1cc4dc (base 16) to base 9.
3483253
Convert -3110134 (base 6) to base 10.
-149098
Convert 1103231044 (base 5) to base 9.
4455603
156410 (base 9) to base 3
11220110100
Convert -1110122101201 (base 3) to base 14.
-164531
What is -731824 (base 11) in base 7?
-12655406
Convert -7a4869 (base 14) to base 2.
-1111111000000000011101
bc18b7 (base 14) to base 4
120111333121
322382 (base 9) to base 7
1426616
Convert -1861050 (base 12) to base 9.
-10536706
-84a55 (base 12) to base 7
-1324115
Convert 1126427 (base 8) to base 10.
306455
Convert 121210102012 (base 3) to base 13.
b75b1
-291d38 (base 14) to base 7
-15061401
-1035363 (base 10) to base 8
-3746143
What is bc36 (base 14) in base 11?
22532
What is -4003141 (base 5) in base 12?
-304b5
-2533605 (base 7) to base 10
-327864
Convert -10101001110110011100111 (base 2) to base 14.
-a4c43d
What is 4244331 (base 5) in base 13?
26913
Convert -1ac4d (base 16) to base 4.
-122301031
What is 18223 (base 9) in base 12?
7340
What is -13669 (base 10) in base 8?
-32545
Convert 20ffd0 (base 16) to base 11.
1247907
What is 771676 (base 8) in base 3?
111011021211
Convert 1110100101100100 (base 2) to base 12.
2a6b0
What is 2147109 (base 10) in base 15?
2c62a9
What is 110011012022012 (base 3) in base 5?
3123204030
Convert -47b22b (base 16) to base 15.
-62c2e7
31076 (base 13) to base 4
111132221
Convert 200022101202 (base 3) to base 8.
1277740
Convert 1082232 (base 9) to base 4.
2032331222
Convert 1210202201020 (base 3) to base 7.
11105331
Convert 384153 (base 14) to base 5.
443311140
211000220102101 (base 3) to base 2
101100101010110001000001
100101001010001100000101 (base 2) to base 15
cc6391
-20220100012100 (base 3) to base 14
-6b68d9
Convert 771388 (base 9) to base 13.
1316a5
What is 12001121 (base 4) in base 2?
110000001011001
Convert -1009257 (base 11) to base 3.
-10100121222022
What is -262568 (base 11) in base 9?
-688830
314133314 (base 6) to base 16
54320e
Convert 2317173 (base 8) to base 12.
26498b
Convert 224221024 (base 5) to base 15.
14d85e
Convert 1100111000001 (base 2) to base 14.
258d
1100112022 (base 3) to base 13
c176
What is -82baf (base 16) in base 11?
-336342
What is 13641503 (base 7) in base 13?
361067
What is 1f6733 (base 16) in base 14?
3b8027
What is 94146 (base 10) in base 3?
11210010220
Convert -243a9 (base 16) to base 6.
-3103001
423342 (base 6) to base 5
2100403
Convert 223265 (base 7) to base 11.
27821
-4614623 (base 11) to base 14
-110221c
What is 1d7bd8 (base 15) in base 2?
101100000011111011011
Convert 13311132 (base 5) to base 6.
2521435
-8ea7 (base 15) to base 4
-13121203
What is -91547 (base 10) in base 13?
-32891
What is -1aadb (base 15) in base 10?
-86831
What is 533a4 (base 14) in base 2?
110001000101010100
401743 (base 10) to base 11
254921
3544413 (base 6) to base 9
311750
321643 (base 8) to base 16
1a3a3
-d649 (base 14) to base 7
-212422
Convert -137705 (base 8) to base 5.
-3032333
What is -4324430 (base 5) in base 7?
-424662
Convert -190848 (base 11) to base 14.
-79128
-26fe57 (base 16) to base 15
-3572a4
-425215554 (base 6) to base 10
-7529758
What is 797977 (base 14) in base 2?
1111110000101100000101
10eaeb5 (base 15) to base 12
40934a5
What is -200c7 (base 13) in base 7?
-326004
What is 35704 (base 14) in base 10?
130344
Convert 12104124 (base 5) to base 15.
2375e
Convert -53b65 (base 13) to base 12.
-736b6
Convert 2312211013 (base 4) to base 15.
eb8b7
Convert d0dbd (base 15) to base 5.
132124403
Convert 2995b7 (base 12) to base 16.
ab11b
3376324 (base 12) to base 14
1449644
7eca4c (base 15) to base 7
102366423
Convert -176cc (base 14) to base 6.
-1133020
Convert 2051440 (base 6) to base 16.
18750
Convert -237165 (base 8) to base 7.
-456453
2636346 (base 9) to base 11
8a5041
What is 7369d (base 15) in base 2?
1011001010110101110
Convert -2637082 (base 9) to base 10.
-1442036
339777 (base 11) to base 2
10000011110101010010
Convert 1021221101221 (base 3) to base 14.
13c8c6
Convert -102222222221 (base 3) to base 6.
-5021254
-701696 (base 14) to base 9
-7073757
What is 28d68e (base 16) in base 7?
31514550
What is -403211312 (base 5) in base 13?
-4479ab
What is a7b5 (base 12) in base 11?
12930
What is 2887a2 (base 11) in base 2?
1101110000100010101
Convert 132033 (base 11) to base 3.
101112212120
Convert 444243344 (base 5) to base 2.
111011011010001100100
What is -100011110010001101001001 (base 2) in base 15?
-c546db
116bd2 (base 14) to base 2
10010001010001100100
What is -36254140 (base 7) in base 8?
-14230047
What is -28a9289 (base 12) in base 3?
-120101212222120
-4ba34 (base 12) to base 11
-7078a
Convert 3d393 (base 14) to base 8.
450125
2101021010112 (base 3) to base 4
10310310032
Convert -68579 (base 10) to base 4.
-100233203
202012101221210 (base 3) to base 7
160151010
What is 110101111110100 (base 2) in base 16?
6bf4
What is 156565 (base 11) in base 14?
64754
-5a4053 (base 12) to base 15
-1dc230
-1e1b79 (base 16) to base 2
-111100001101101111001
What is -59963b (base 12) in base 8?
-5412517
-635510 (base 8) to base 11
-135131
-111241121 (base 5) to base 7
-4123103
Convert 25425223 (base 6) to base 15.
115510
What is -e6cc (base 16) in base 7?
-334154
-20bb195 (base 13) to base 15
-d259ec
Convert -2156 (base 14) to base 13.
-2811
What is -2200221001 (base 3) in base 15?
-10b44
-61421 (base 8) to base 16
-6311
-2200101 (base 6) to base 9
-175341
What is ecac1 (base 16) in base 4?
3230223001
What is 22b7c (base 13) in base 4?
33133312
Convert 5190f (base 16) to base 15.
68ed0
673334 (base 15) to base 5
2224441344
What is -3a265 (base 13) in base 10?
-108074
Convert 1442010 (base 7) to base 8.
575146
Convert -1001010110010101101110 (base 2) to base 6.
-124310142
17c30a (base 13) to base 2
10010010000001010101
Convert -10343411 (base 6) to base 10.
-309247
-10000111101100110101 (base 2) to base 16
-87b35
Convert 329820 (base 12) to base 4.
3010131120
Convert -74a70 (base 12) to base 13.
-54ba6
What is 24530064 (base 8) in base 7?
64030003
Convert -244445121 (base 6) to base 5.
-2200444032
10002413241 (base 5) to base 8
45331016
Convert -18924a5 (base 11) to base 8.
-14140167
36530246 (base 7) to base 8
14356465
What is -2212153 (base 9) in base 11?
-742456
Convert -120010120 (base 3) to base 8.
-25427
Convert -10332 (base 15) to base 6.
-1033415
What is 562793 (base 11) in base 10?
896712
What is -347463 (base 11) in base 15?
-ad677
What is -1111101100110101100 (base 2) in base 13?
-150231
Convert 110100010100010011011111 (base 2) to base 7.
224400263
-2764523 (base 8) to base 11
-493551
Convert -610426 (base 7) to base 14.
-299bd
-1aab286 (base 13) to base 5
-4231144324
Convert 1011110000100010110101 (base 2) to base 3.
12210121021202
Convert -461233 (base 7) to base 14.
-21cc3
What is -8e4cd (base 15) in base 14?
-bb2d9
Convert 7aec6 (base 16) to base 8.
1727306
-100122301210 (base 4) to base 5
-2100211342
-2266105 (base 9) to base 8
-4530146
What is -22102200100 (base 4) in base 9?
-5060814
22120212221 (base 3) to base 4
221101111
Convert 215151 (base 9) to base 7.
1043302
What is 13244540 (base 6) in base 8?
1536554
What is -7315da (base 15) in base 6?
-313142141
Convert -771e9 (base 15) to base 14.
-9bcba
What is 475340 (base 13) in base 3?
10012012100122
Convert -243017 (base 8) to base 7.
-465233
110210202012011 (base 3) to base 7
111562453
-252112120 (base 6) to base 2
-10010100010111101010000
What is -40616 (base 10) in base 12?
-1b608
What is -101b8a (base 13) in base 12?
-161347
What is -2a398a6 (base 11) in base 6?
-303403122
What is 33a61 (base 11) in base 15?
e898
-1133611 (base 11) to base 15
-292096
What is 1101220000 (base 4) in base 10?
334336
What is -310211202 (base 4) in base 15?
-43c49
-1170 (base 11) to base 12
-a75
What is 13150441 (base 9) in base 6?
350355231
-323104114 (base 5) to base 3
-2121001011110
Convert 112454451 (base 6) to base 13.
582c88
-21122002211 (base 3) to base 7
-1164022
Convert 774cb (base 13) to base 15.
4409e
What is -104ac0 (base 14) in base 10?
-550928
-144316455 (base 7) to base 15
-c94d90
-144442122 (base 5) to base 12
-317b00
Convert 1295044 (base 12) to base 6.
210504124
4399da (base 